vided by 5225.
69
Calculate the remainder when 18439 is divided by 9213.
13
Calculate the remainder when 4798 is divided by 63.
10
Calculate the remainder when 31755 is divided by 6350.
5
Calculate the remainder when 3793 is divided by 1240.
73
What is the remainder when 47082 is divided by 2769?
9
What is the remainder when 2061 is divided by 91?
59
Calculate the remainder when 2157 is divided by 165.
12
Calculate the remainder when 4425 is divided by 1474.
3
Calculate the remainder when 9592 is divided by 31.
13
Calculate the remainder when 60483 is divided by 2419.
8
What is the remainder when 684 is divided by 247?
190
What is the remainder when 2419510 is divided by 302438?
6
Calculate the remainder when 473 is divided by 232.
9
What is the remainder when 457266 is divided by 24?
18
What is the remainder when 242580 is divided by 145?
140
Calculate the remainder when 394182 is divided by 9167.
1
Calculate the remainder when 1578 is divided by 61.
53
Calculate the remainder when 567 is divided by 40.
7
What is the remainder when 33884 is divided by 16922?
40
Calculate the remainder when 4716 is divided by 420.
96
Calculate the remainder when 18197 is divided by 547.
146
Calculate the remainder when 169867 is divided by 84897.
73
What is the remainder when 6560 is divided by 1638?
8
Calculate the remainder when 1255 is divided by 140.
135
What is the remainder when 2438 is divided by 280?
198
What is the remainder when 2439 is divided by 789?
72
Calculate the remainder when 4341302 is divided by 88.
86
What is the remainder when 17670 is divided by 1767?
0
Calculate the remainder when 253484 is divided by 195.
179
Calculate the remainder when 27579 is divided by 10.
9
Calculate the remainder when 39207 is divided by 1314.
1101
Calculate the remainder when 12824 is divided by 12796.
28
Calculate the remainder when 2325981 is divided by 332.
321
What is the remainder when 1374 is divided by 455?
9
What is the remainder when 439 is divided by 331?
108
What is the remainder when 111983 is divided by 421?
418
Calculate the remainder when 5150 is divided by 390.
80
Calculate the remainder when 1556717 is divided by 464.
461
What is the remainder when 6009 is divided by 59?
50
Calculate the remainder when 8316 is divided by 1367.
114
What is the remainder when 44317 is divided by 83?
78
What is the remainder when 321160 is divided by 39?
34
What is the remainder when 9917 is divided by 408?
125
What is the remainder when 41217 is divided by 32?
1
Calculate the remainder when 161864 is divided by 26.
14
What is the remainder when 8617 is divided by 313?
166
What is the remainder when 13308 is divided by 95?
8
Calculate the remainder when 20570 is divided by 2056.
10
What is the remainder when 8275 is divided by 16?
3
What is the remainder when 5333 is divided by 58?
55
Calculate the remainder when 698023 is divided by 341.
337
Calculate the remainder when 7109 is divided by 765.
224
What is the remainder when 592586 is divided by 1036?
1030
Calculate the remainder when 6690 is divided by 833.
26
What is the remainder when 280869 is divided by 282?
279
What is the remainder when 12177 is divided by 436?
405
What is the remainder when 102490 is divided by 44?
14
Calculate the remainder when 73514 is divided by 73448.
66
Calculate the remainder when 19952 is divided by 449.
196
What is the remainder when 3226 is divided by 154?
146
What is the remainder when 62718 is divided by 128?
126
Calculate the remainder when 1037 is divided by 313.
98
What is the remainder when 23242 is divided by 6?
4
What is the remainder when 1955 is divided by 4?
3
What is the remainder when 4994 is divided by 2269?
456
Calculate the remainder when 472275 is divided by 157425.
0
Calculate the remainder when 139802 is divided by 6.
2
What is the remainder when 59119 is divided by 196?
123
Calculate the remainder when 20726 is divided by 47.
46
Calculate the remainder when 23525 is divided by 11.
7
What is the remainder when 33816 is divided by 650?
16
What is the remainder when 346 is divided by 223?
123
Calculate the remainder when 444352 is divided by 70.
62
Calculate the remainder when 11588275 is divided by 20.
15
Calculate the remainder when 1099258 is divided by 788.
786
What is the remainder when 18909 is divided by 195?
189
What is the remainder when 2132 is divided by 466?
268
Calculate the remainder when 12497 is divided by 1557.
41
Calculate the remainder when 573 is divided by 146.
135
What is the remainder when 23496 is divided by 580?
296
Calculate the remainder when 265661 is divided by 162.
143
Calculate the remainder when 8394 is divided by 1497.
909
Calculate the remainder when 561965 is divided by 43.
41
What is the remainder when 143589 is divided by 93?
90
What is the remainder when 8897 is divided by 8883?
14
Calculate the remainder when 231246 is divided by 607.
586
What is the remainder when 1324796 is divided by 240?
236
Calculate the remainder when 9636 is divided by 2259.
600
What is the remainder when 3335 is divided by 441?
248
Calculate the remainder when 422 is divided by 143.
136
What is the remainder when 1683 is divided by 807?
69
Calculate the remainder when 20814 is divided by 586.
304
Calculate the remainder when 8760 is divided by 259.
213
What is the remainder when 104652 is divided by 29?
20
What is the remainder when 34115 is divided by 5680?
35
Calculate the remainder when 1330132 is divided by 39.
37
What is the remainder when 6910 is divided by 16?
14
What is the remainder when 22312 is divided by 1239?
10
What is the remainder when 63288 is divided by 63122?
166
Calculate the remainder when 260827 is divided by 176.
171
Calculate the remainder when 42210 is divided by 2634.
66
What is the remainder when 275628 is divided by 1048?
4
What is the remainder when 501421 is divided by 616?
613
Calculate the remainder when 11093 is divided by 412.
381
What is the remainder when 94283 is divided by 31425?
8
What is the remainder when 1738 is divided by 210?
58
What is the remainder when 410893 is divided by 983?
982
Calculate the remainder when 269371 is divided by 366.
361
What is the remainder when 31322 is divided by 3911?
34
Calculate the remainder when 291253 is divided by 48540.
13
Calculate the remainder when 439389 is divided by 73223.
51
What is the remainder when 95 is divided by 23?
3
Calculate the remainder when 3673 is divided by 216.
1
Calculate the remainder when 119949 is divided by 98.
95
Calculate the remainder when 438915 is divided by 197.
196
Calculate the remainder when 1011426 is divided by 123.
120
What is the remainder when 4893 is divided by 1623?
24
Calculate the remainder when 1304 is divided by 12.
8
Calculate the remainder when 328012 is divided by 165.
157
Calculate the remainder when 33780 is divided by 3745.
75
What is the remainder when 76498 is divided by 694?
158
Calculate the remainder when 4387 is divided by 16.
3
What is the remainder when 1934430 is divided by 177?
174
What is the remainder when 564 is divided by 39?
18
What is the remainder when 18820 is divided by 4702?
12
What is the remainder when 35948 is divided by 783?
713
Calculate the remainder when 39664 is divided by 188.
184
Calculate the remainder when 43493 is divided by 906.
5
What is the remainder when 4275 is divided by 14?
5
Calculate the remainder when 1917 is divided by 1813.
104
Calculate the remainder when 2321 is divided by 2308.
13
What is the remainder when 364171 is divided by 8?
3
Calculate the remainder when 1274 is divided by 635.
4
Calculate the remainder when 758 is divided by 373.
12
Calculate the remainder when 42442 is divided by 281.
11
Calculate the remainder when 274258 is divided by 210.
208
What is the remainder when 685915 is divided by 476?
475
Calculate the remainder when 5241 is divided by 153.
39
What is the remainder when 117219 is divided by 451?
410
Calculate the remainder when 750 is divided by 158.
118
Calculate the remainder when 69832 is divided by 34915.
2
Calculate the remainder when 87910 is divided by 112.
102
What is the remainder when 254124 is divided by 56?
52
What is the remainder when 158228 is divided by 12?
8
Calculate the remainder when 32202 is divided by 2299.
16
What is the rema